{"id":2003,"date":"2024-10-01T14:49:56","date_gmt":"2024-10-01T12:49:56","guid":{"rendered":"https:\/\/nabburg-pfreimd-evangelisch.de\/?page_id=2003"},"modified":"2024-10-05T15:21:10","modified_gmt":"2024-10-05T13:21:10","slug":"kirchenvorstandswahl-2024-unsere-kandidaten","status":"publish","type":"page","link":"https:\/\/nabburg-pfreimd-evangelisch.de\/?page_id=2003","title":{"rendered":"Kirchenvorstandswahl 2024 &#8211; unsere Kandidaten"},"content":{"rendered":"<div id=\"maxgallery-2074\" class=\"mg-image-tiles borderless\"><p class=\"mg-description\">Vorstellung der Kandidatinnen und Kandidaten f\u00fcr die Wahl des gemeinsamen Kirchenvorstandes der evangelisch-lutherischen Kirchengemeinden Nabburg, Pfreimd und Schwarzenfeld.\r\nAus jeder der drei weiterhin selbstst\u00e4ndigen Kirchengemeinden Nabburg, Pfreimd und Schwarzenfeld werden zwei Kandidaten in den gemeinsamen Kirchenvorstand gew\u00e4hlt. Die sechs Gew\u00e4hlten berufen dann zwei weitere Mitglieder nach. Zusammen mit dem Pfarrstelleninhaber geh\u00f6ren dann neun Menschen dem neuen Leitungsteam f\u00fcr die drei Gemeinden an.<\/p>\t<div class=\"mg-thumbs mg-onecol\">\t\t<ul><li>\t<a class='mg-magnific' href='https:\/\/nabburg-pfreimd-evangelisch.de\/wp-content\/uploads\/2024\/Blank02-e1728133873761.jpg' target='' rel='mg-rel-image-thumbs' title='Kirchengemeinde Nabburg, KV-Mitglied, 52 Jahre, Landschaftsarchitektin aus Neusath'>\n\t\t<div class=\"\">\n<img loading=\"lazy\" decoding=\"async\" class=\"\" src=\"https:\/\/nabburg-pfreimd-evangelisch.de\/wp-content\/uploads\/2024\/Blank02-e1728133873761.jpg\" width=\"700\" height=\"394\" alt=\"\" title=\"Nicole Blank\" \/>\t\t<div class=\"caption-bottom-container\">\n\t\t\t<p class=\"caption bottom\">Kirchengemeinde Nabburg, KV-Mitglied, 52 Jahre, Landschaftsarchitektin aus Neusath<\/p>\n\t\t<\/div>\t\t<\/div>\n\t<\/a>\n<\/li>\n<li>\t<a class='mg-magnific' href='https:\/\/nabburg-pfreimd-evangelisch.de\/wp-content\/uploads\/2024\/Graja02-e1728133839728.jpg' target='' rel='mg-rel-image-thumbs' title='Kirchengemeinde Nabburg, 49 Jahre, Verwaltungsfachangestellte aus Nabburg'>\n\t\t<div class=\"\">\n<img loading=\"lazy\" decoding=\"async\" class=\"\" src=\"https:\/\/nabburg-pfreimd-evangelisch.de\/wp-content\/uploads\/2024\/Graja02-e1728133839728.jpg\" width=\"700\" height=\"394\" alt=\"\" title=\"Gerlinde Graja\" \/>\t\t<div class=\"caption-bottom-container\">\n\t\t\t<p class=\"caption bottom\">Kirchengemeinde Nabburg, 49 Jahre, Verwaltungsfachangestellte aus Nabburg<\/p>\n\t\t<\/div>\t\t<\/div>\n\t<\/a>\n<\/li>\n<li>\t<a class='mg-magnific' href='https:\/\/nabburg-pfreimd-evangelisch.de\/wp-content\/uploads\/2024\/Hirmer02-e1728133957964.jpg' target='' rel='mg-rel-image-thumbs' title='Kirchengemeinde Pfreimd, 45 Jahre, Realschullehrerin aus Pfreimd'>\n\t\t<div class=\"\">\n<img loading=\"lazy\" decoding=\"async\" class=\"\" src=\"https:\/\/nabburg-pfreimd-evangelisch.de\/wp-content\/uploads\/2024\/Hirmer02-e1728133957964.jpg\" width=\"700\" height=\"394\" alt=\"\" title=\"Angelika Hirmer\" \/>\t\t<div class=\"caption-bottom-container\">\n\t\t\t<p class=\"caption bottom\">Kirchengemeinde Pfreimd, 45 Jahre, Realschullehrerin aus Pfreimd<\/p>\n\t\t<\/div>\t\t<\/div>\n\t<\/a>\n<\/li>\n<li>\t<a class='mg-magnific' href='https:\/\/nabburg-pfreimd-evangelisch.de\/wp-content\/uploads\/2024\/Linke02-e1728133973842.jpg' target='' rel='mg-rel-image-thumbs' title='Kirchengemeinde Pfreimd, KV-Mitglied, 65 Jahre, technischer Angestellter aus Pfreimd'>\n\t\t<div class=\"\">\n<img loading=\"lazy\" decoding=\"async\" class=\"\" src=\"https:\/\/nabburg-pfreimd-evangelisch.de\/wp-content\/uploads\/2024\/Linke02-e1728133973842.jpg\" width=\"700\" height=\"394\" alt=\"\" title=\"Rolf Linke\" \/>\t\t<div class=\"caption-bottom-container\">\n\t\t\t<p class=\"caption bottom\">Kirchengemeinde Pfreimd, KV-Mitglied, 65 Jahre, technischer Angestellter aus Pfreimd<\/p>\n\t\t<\/div>\t\t<\/div>\n\t<\/a>\n<\/li>\n<li>\t<a class='mg-magnific' href='https:\/\/nabburg-pfreimd-evangelisch.de\/wp-content\/uploads\/2024\/Lobinger02-e1728133997753.jpg' target='' rel='mg-rel-image-thumbs' title='Kirchengemeinde Nabburg, 38 Jahre, Alltagsbegleiterin aus Wiesens&uuml;&szlig;'>\n\t\t<div class=\"\">\n<img loading=\"lazy\" decoding=\"async\" class=\"\" src=\"https:\/\/nabburg-pfreimd-evangelisch.de\/wp-content\/uploads\/2024\/Lobinger02-e1728133997753.jpg\" width=\"700\" height=\"394\" alt=\"\" title=\"Ramona Lobinger\" \/>\t\t<div class=\"caption-bottom-container\">\n\t\t\t<p class=\"caption bottom\">Kirchengemeinde Nabburg, 38 Jahre, Alltagsbegleiterin aus Wiesens&uuml;&szlig;<\/p>\n\t\t<\/div>\t\t<\/div>\n\t<\/a>\n<\/li>\n<li>\t<a class='mg-magnific' href='https:\/\/nabburg-pfreimd-evangelisch.de\/wp-content\/uploads\/2024\/Menzyk02-e1728134011939.jpg' target='' rel='mg-rel-image-thumbs' title='Kirchengemeinde Schwarzenfeld, 60 j&auml;hre, Projektmanager aus Schmidtgaden'>\n\t\t<div class=\"\">\n<img loading=\"lazy\" decoding=\"async\" class=\"\" src=\"https:\/\/nabburg-pfreimd-evangelisch.de\/wp-content\/uploads\/2024\/Menzyk02-e1728134011939.jpg\" width=\"700\" height=\"394\" alt=\"\" title=\"Thomas Menzyk\" \/>\t\t<div class=\"caption-bottom-container\">\n\t\t\t<p class=\"caption bottom\">Kirchengemeinde Schwarzenfeld, 60 j&auml;hre, Projektmanager aus Schmidtgaden<\/p>\n\t\t<\/div>\t\t<\/div>\n\t<\/a>\n<\/li>\n<li>\t<a class='mg-magnific' href='https:\/\/nabburg-pfreimd-evangelisch.de\/wp-content\/uploads\/2024\/Peter02-e1728134040963.jpg' target='' rel='mg-rel-image-thumbs' title='Kirchengemeinde Schwarzenfeld, 61 Jahre, Metallbauer aus Schwarzenfeld'>\n\t\t<div class=\"\">\n<img loading=\"lazy\" decoding=\"async\" class=\"\" src=\"https:\/\/nabburg-pfreimd-evangelisch.de\/wp-content\/uploads\/2024\/Peter02-e1728134040963.jpg\" width=\"700\" height=\"394\" alt=\"\" title=\"Gerhard Peter\" \/>\t\t<div class=\"caption-bottom-container\">\n\t\t\t<p class=\"caption bottom\">Kirchengemeinde Schwarzenfeld, 61 Jahre, Metallbauer aus Schwarzenfeld<\/p>\n\t\t<\/div>\t\t<\/div>\n\t<\/a>\n<\/li>\n<li>\t<a class='mg-magnific' href='https:\/\/nabburg-pfreimd-evangelisch.de\/wp-content\/uploads\/2024\/Reindl02-e1728134058465.jpg' target='' rel='mg-rel-image-thumbs' title='Kirchengemeinde Schwarzenfeld, KV-Mitglied, 49 Jahre, Krankenschwester aus Fensterbach'>\n\t\t<div class=\"\">\n<img loading=\"lazy\" decoding=\"async\" class=\"\" src=\"https:\/\/nabburg-pfreimd-evangelisch.de\/wp-content\/uploads\/2024\/Reindl02-e1728134058465.jpg\" width=\"700\" height=\"394\" alt=\"\" title=\"Sandra Reindl\" \/>\t\t<div class=\"caption-bottom-container\">\n\t\t\t<p class=\"caption bottom\">Kirchengemeinde Schwarzenfeld, KV-Mitglied, 49 Jahre, Krankenschwester aus Fensterbach<\/p>\n\t\t<\/div>\t\t<\/div>\n\t<\/a>\n<\/li>\n<li>\t<a class='mg-magnific' href='https:\/\/nabburg-pfreimd-evangelisch.de\/wp-content\/uploads\/2024\/Schatz02-e1728135205475.jpg' target='' rel='mg-rel-image-thumbs' title=''>\n\t\t<div class=\"\">\n<img loading=\"lazy\" decoding=\"async\" class=\"\" src=\"https:\/\/nabburg-pfreimd-evangelisch.de\/wp-content\/uploads\/2024\/Schatz02-e1728135205475.jpg\" width=\"700\" height=\"394\" alt=\"Kirchengemeinde Schwarzenfeld, 51 Jahre, B\u00fcrokauffrau aus Trisching\" title=\"Marion Schatz\" \/>\t\t<div class=\"caption-bottom-container\">\n\t\t\t<p class=\"caption bottom\"><\/p>\n\t\t<\/div>\t\t<\/div>\n\t<\/a>\n<\/li>\n<li>\t<a class='mg-magnific' href='https:\/\/nabburg-pfreimd-evangelisch.de\/wp-content\/uploads\/2024\/Willecke02-e1728134086794.jpg' target='' rel='mg-rel-image-thumbs' title='Kirchengemeinde Schwarzenfeld, KV-Mitglied, 64 Jahre, Dipl.-Ing. Nachrichtentechnik aus Stulln'>\n\t\t<div class=\"\">\n<img loading=\"lazy\" decoding=\"async\" class=\"\" src=\"https:\/\/nabburg-pfreimd-evangelisch.de\/wp-content\/uploads\/2024\/Willecke02-e1728134086794.jpg\" width=\"700\" height=\"394\" alt=\"\" title=\"Roland Willecke\" \/>\t\t<div class=\"caption-bottom-container\">\n\t\t\t<p class=\"caption bottom\">Kirchengemeinde Schwarzenfeld, KV-Mitglied, 64 Jahre, Dipl.-Ing. Nachrichtentechnik aus Stulln<\/p>\n\t\t<\/div>\t\t<\/div>\n\t<\/a>\n<\/li>\n<li>\t<a class='mg-magnific' href='https:\/\/nabburg-pfreimd-evangelisch.de\/wp-content\/uploads\/2024\/Zahn02-e1728134106534.jpg' target='' rel='mg-rel-image-thumbs' title='Kirchengemeinde Nabburg, 18 Jahre, Pflegefachfrau in Ausbildung aus Nabburg'>\n\t\t<div class=\"\">\n<img loading=\"lazy\" decoding=\"async\" class=\"\" src=\"https:\/\/nabburg-pfreimd-evangelisch.de\/wp-content\/uploads\/2024\/Zahn02-e1728134106534.jpg\" width=\"700\" height=\"394\" alt=\"\" title=\"Leonie Zahn\" \/>\t\t<div class=\"caption-bottom-container\">\n\t\t\t<p class=\"caption bottom\">Kirchengemeinde Nabburg, 18 Jahre, Pflegefachfrau in Ausbildung aus Nabburg<\/p>\n\t\t<\/div>\t\t<\/div>\n\t<\/a>\n<\/li>\n<li>\t<a class='mg-magnific' href='https:\/\/nabburg-pfreimd-evangelisch.de\/wp-content\/uploads\/2024\/Zenger02-e1728134125330.jpg' target='' rel='mg-rel-image-thumbs' title='Kirchengemeinde Pfreimd, KV-Mitglied, 52 Jahre, Polizeibeamtin aus Pfreimd'>\n\t\t<div class=\"\">\n<img loading=\"lazy\" decoding=\"async\" class=\"\" src=\"https:\/\/nabburg-pfreimd-evangelisch.de\/wp-content\/uploads\/2024\/Zenger02-e1728134125330.jpg\" width=\"700\" height=\"394\" alt=\"\" title=\"Marion Zenger\" \/>\t\t<div class=\"caption-bottom-container\">\n\t\t\t<p class=\"caption bottom\">Kirchengemeinde Pfreimd, KV-Mitglied, 52 Jahre, Polizeibeamtin aus Pfreimd<\/p>\n\t\t<\/div>\t\t<\/div>\n\t<\/a>\n<\/li>\n\t\t<\/ul>\n\t\t<div class=\"clear\"><\/div>\n\t<\/div>\n\t<span style=\"display: none;\" class=\"hidden-image-tiles-gallery-id\">2074<\/span>\n\t<span style=\"display: none;\" class=\"hidden-image-tiles-vertical-fit-enabled\">false<\/span>\n\t<span style=\"display: none;\" class=\"hidden-image-tiles-content-click-close-enabled\">false<\/span>\n\t<span style=\"display: none;\" class=\"hidden-image-tiles-bg-click-close-enabled\">true<\/span>\n\t<span style=\"display: none;\" class=\"hidden-image-tiles-close-btn-inside-enabled\">false<\/span>\n\t<span style=\"display: none;\" class=\"hidden-image-tiles-hide-close-btn-enabled\">true<\/span>\n\t<span style=\"display: none;\" class=\"hidden-image-tiles-escape-key-enabled\">true<\/span>\n\t<span style=\"display: none;\" class=\"hidden-image-tiles-align-top-enabled\">false<\/span>\n\t<span style=\"display: none;\" class=\"hidden-image-tiles-fixed-content-position\">auto<\/span>\n\t<span style=\"display: none;\" class=\"hidden-image-tiles-zoom-enabled\">false<\/span>\n\t<span style=\"display: none;\" class=\"hidden-image-tiles-popup-main-class\"><\/span>\n\t<span style=\"display: none;\" class=\"hidden-image-tiles-easing-type\">ease-in-out<\/span>\n\t<span style=\"display: none;\" class=\"hidden-image-tiles-zoom-duration\">300<\/span>\n\t<span style=\"display: none;\" class=\"hidden-image-tiles-overflow-y\"><\/span>\n\t<span style=\"display: none;\" class=\"hidden-image-tiles-retina-enabled\">false<\/span>\n\t<span style=\"display: none;\" class=\"hidden-image-tiles-removal-delay\">0<\/span>\n\t<span style=\"display: none;\" class=\"hidden-image-tiles-gallery-enabled\">true<\/span>\n\t<span style=\"display: none;\" class=\"hidden-image-tiles-navigate-by-img-click-enabled\">false<\/span>\n\t<span style=\"display: none;\" class=\"hidden-image-tiles-arrow-markup\"><button title='%title%' type='button' class='mfp-arrow mfp-arrow-%dir%'><\/button><\/span>\n\t<span style=\"display: none;\" class=\"hidden-image-tiles-prev-button-title\">Previous (Left arrow key)<\/span>\n\t<span style=\"display: none;\" class=\"hidden-image-tiles-next-button-title\">Next (Right arrow key)<\/span>\n\t<span style=\"display: none;\" class=\"hidden-image-tiles-counter-markup\"><div class='mfp-counter'>%curr% of %total%<\/div><\/span>\n<\/div>\n\n","protected":false},"excerpt":{"rendered":"<p><span class=\"ellipsis\">&hellip;<\/span><\/p>\n<div class=\"read-more\"><a href=\"https:\/\/nabburg-pfreimd-evangelisch.de\/?page_id=2003\">Weiterlesen \u203a<\/a><\/div>\n<p><!-- end of .read-more --><\/p>\n","protected":false},"author":1,"featured_media":0,"parent":0,"menu_order":0,"comment_status":"closed","ping_status":"closed","template":"","meta":{"footnotes":""},"class_list":["post-2003","page","type-page","status-publish","hentry"],"_links":{"self":[{"href":"https:\/\/nabburg-pfreimd-evangelisch.de\/index.php?rest_route=\/wp\/v2\/pages\/2003","targetHints":{"allow":["GET"]}}],"collection":[{"href":"https:\/\/nabburg-pfreimd-evangelisch.de\/index.php?rest_route=\/wp\/v2\/pages"}],"about":[{"href":"https:\/\/nabburg-pfreimd-evangelisch.de\/index.php?rest_route=\/wp\/v2\/types\/page"}],"author":[{"embeddable":true,"href":"https:\/\/nabburg-pfreimd-evangelisch.de\/index.php?rest_route=\/wp\/v2\/users\/1"}],"replies":[{"embeddable":true,"href":"https:\/\/nabburg-pfreimd-evangelisch.de\/index.php?rest_route=%2Fwp%2Fv2%2Fcomments&post=2003"}],"version-history":[{"count":15,"href":"https:\/\/nabburg-pfreimd-evangelisch.de\/index.php?rest_route=\/wp\/v2\/pages\/2003\/revisions"}],"predecessor-version":[{"id":2188,"href":"https:\/\/nabburg-pfreimd-evangelisch.de\/index.php?rest_route=\/wp\/v2\/pages\/2003\/revisions\/2188"}],"wp:attachment":[{"href":"https:\/\/nabburg-pfreimd-evangelisch.de\/index.php?rest_route=%2Fwp%2Fv2%2Fmedia&parent=2003"}],"curies":[{"name":"wp","href":"https:\/\/api.w.org\/{rel}","templated":true}]}}

<div id="maxgallery-2074" class="mg-image-tiles borderless"><p class="mg-description">Vorstellung der Kandidatinnen und Kandidaten für die Wahl des gemeinsamen Kirchenvorstandes der evangelisch-lutherischen Kirchengemeinden Nabburg, Pfreimd und Schwarzenfeld.
Aus jeder der drei weiterhin selbstständigen Kirchengemeinden Nabburg, Pfreimd und Schwarzenfeld werden zwei Kandidaten in den gemeinsamen Kirchenvorstand gewählt. Die sechs Gewählten berufen dann zwei weitere Mitglieder nach. Zusammen mit dem Pfarrstelleninhaber gehören dann neun Menschen dem neuen Leitungsteam für die drei Gemeinden an.</p>	<div class="mg-thumbs mg-onecol">		<ul><li>	<a class='mg-magnific' href='https://nabburg-pfreimd-evangelisch.de/wp-content/uploads/2024/Blank02-e1728133873761.jpg' target='' rel='mg-rel-image-thumbs' title='Kirchengemeinde Nabburg, KV-Mitglied, 52 Jahre, Landschaftsarchitektin aus Neusath'>
		<div class="">
<img loading="lazy" decoding="async" class="" src="https://nabburg-pfreimd-evangelisch.de/wp-content/uploads/2024/Blank02-e1728133873761.jpg" width="700" height="394" alt="" title="Nicole Blank" />		<div class="caption-bottom-container">
			<p class="caption bottom">Kirchengemeinde Nabburg, KV-Mitglied, 52 Jahre, Landschaftsarchitektin aus Neusath</p>
		</div>		</div>
	</a>
</li>
<li>	<a class='mg-magnific' href='https://nabburg-pfreimd-evangelisch.de/wp-content/uploads/2024/Graja02-e1728133839728.jpg' target='' rel='mg-rel-image-thumbs' title='Kirchengemeinde Nabburg, 49 Jahre, Verwaltungsfachangestellte aus Nabburg'>
		<div class="">
<img loading="lazy" decoding="async" class="" src="https://nabburg-pfreimd-evangelisch.de/wp-content/uploads/2024/Graja02-e1728133839728.jpg" width="700" height="394" alt="" title="Gerlinde Graja" />		<div class="caption-bottom-container">
			<p class="caption bottom">Kirchengemeinde Nabburg, 49 Jahre, Verwaltungsfachangestellte aus Nabburg</p>
		</div>		</div>
	</a>
</li>
<li>	<a class='mg-magnific' href='https://nabburg-pfreimd-evangelisch.de/wp-content/uploads/2024/Hirmer02-e1728133957964.jpg' target='' rel='mg-rel-image-thumbs' title='Kirchengemeinde Pfreimd, 45 Jahre, Realschullehrerin aus Pfreimd'>
		<div class="">
<img loading="lazy" decoding="async" class="" src="https://nabburg-pfreimd-evangelisch.de/wp-content/uploads/2024/Hirmer02-e1728133957964.jpg" width="700" height="394" alt="" title="Angelika Hirmer" />		<div class="caption-bottom-container">
			<p class="caption bottom">Kirchengemeinde Pfreimd, 45 Jahre, Realschullehrerin aus Pfreimd</p>
		</div>		</div>
	</a>
</li>
<li>	<a class='mg-magnific' href='https://nabburg-pfreimd-evangelisch.de/wp-content/uploads/2024/Linke02-e1728133973842.jpg' target='' rel='mg-rel-image-thumbs' title='Kirchengemeinde Pfreimd, KV-Mitglied, 65 Jahre, technischer Angestellter aus Pfreimd'>
		<div class="">
<img loading="lazy" decoding="async" class="" src="https://nabburg-pfreimd-evangelisch.de/wp-content/uploads/2024/Linke02-e1728133973842.jpg" width="700" height="394" alt="" title="Rolf Linke" />		<div class="caption-bottom-container">
			<p class="caption bottom">Kirchengemeinde Pfreimd, KV-Mitglied, 65 Jahre, technischer Angestellter aus Pfreimd</p>
		</div>		</div>
	</a>
</li>
<li>	<a class='mg-magnific' href='https://nabburg-pfreimd-evangelisch.de/wp-content/uploads/2024/Lobinger02-e1728133997753.jpg' target='' rel='mg-rel-image-thumbs' title='Kirchengemeinde Nabburg, 38 Jahre, Alltagsbegleiterin aus Wiesens&uuml;&szlig;'>
		<div class="">
<img loading="lazy" decoding="async" class="" src="https://nabburg-pfreimd-evangelisch.de/wp-content/uploads/2024/Lobinger02-e1728133997753.jpg" width="700" height="394" alt="" title="Ramona Lobinger" />		<div class="caption-bottom-container">
			<p class="caption bottom">Kirchengemeinde Nabburg, 38 Jahre, Alltagsbegleiterin aus Wiesens&uuml;&szlig;</p>
		</div>		</div>
	</a>
</li>
<li>	<a class='mg-magnific' href='https://nabburg-pfreimd-evangelisch.de/wp-content/uploads/2024/Menzyk02-e1728134011939.jpg' target='' rel='mg-rel-image-thumbs' title='Kirchengemeinde Schwarzenfeld, 60 j&auml;hre, Projektmanager aus Schmidtgaden'>
		<div class="">
<img loading="lazy" decoding="async" class="" src="https://nabburg-pfreimd-evangelisch.de/wp-content/uploads/2024/Menzyk02-e1728134011939.jpg" width="700" height="394" alt="" title="Thomas Menzyk" />		<div class="caption-bottom-container">
			<p class="caption bottom">Kirchengemeinde Schwarzenfeld, 60 j&auml;hre, Projektmanager aus Schmidtgaden</p>
		</div>		</div>
	</a>
</li>
<li>	<a class='mg-magnific' href='https://nabburg-pfreimd-evangelisch.de/wp-content/uploads/2024/Peter02-e1728134040963.jpg' target='' rel='mg-rel-image-thumbs' title='Kirchengemeinde Schwarzenfeld, 61 Jahre, Metallbauer aus Schwarzenfeld'>
		<div class="">
<img loading="lazy" decoding="async" class="" src="https://nabburg-pfreimd-evangelisch.de/wp-content/uploads/2024/Peter02-e1728134040963.jpg" width="700" height="394" alt="" title="Gerhard Peter" />		<div class="caption-bottom-container">
			<p class="caption bottom">Kirchengemeinde Schwarzenfeld, 61 Jahre, Metallbauer aus Schwarzenfeld</p>
		</div>		</div>
	</a>
</li>
<li>	<a class='mg-magnific' href='https://nabburg-pfreimd-evangelisch.de/wp-content/uploads/2024/Reindl02-e1728134058465.jpg' target='' rel='mg-rel-image-thumbs' title='Kirchengemeinde Schwarzenfeld, KV-Mitglied, 49 Jahre, Krankenschwester aus Fensterbach'>
		<div class="">
<img loading="lazy" decoding="async" class="" src="https://nabburg-pfreimd-evangelisch.de/wp-content/uploads/2024/Reindl02-e1728134058465.jpg" width="700" height="394" alt="" title="Sandra Reindl" />		<div class="caption-bottom-container">
			<p class="caption bottom">Kirchengemeinde Schwarzenfeld, KV-Mitglied, 49 Jahre, Krankenschwester aus Fensterbach</p>
		</div>		</div>
	</a>
</li>
<li>	<a class='mg-magnific' href='https://nabburg-pfreimd-evangelisch.de/wp-content/uploads/2024/Schatz02-e1728135205475.jpg' target='' rel='mg-rel-image-thumbs' title=''>
		<div class="">
<img loading="lazy" decoding="async" class="" src="https://nabburg-pfreimd-evangelisch.de/wp-content/uploads/2024/Schatz02-e1728135205475.jpg" width="700" height="394" alt="Kirchengemeinde Schwarzenfeld, 51 Jahre, Bürokauffrau aus Trisching" title="Marion Schatz" />		<div class="caption-bottom-container">
			<p class="caption bottom"></p>
		</div>		</div>
	</a>
</li>
<li>	<a class='mg-magnific' href='https://nabburg-pfreimd-evangelisch.de/wp-content/uploads/2024/Willecke02-e1728134086794.jpg' target='' rel='mg-rel-image-thumbs' title='Kirchengemeinde Schwarzenfeld, KV-Mitglied, 64 Jahre, Dipl.-Ing. Nachrichtentechnik aus Stulln'>
		<div class="">
<img loading="lazy" decoding="async" class="" src="https://nabburg-pfreimd-evangelisch.de/wp-content/uploads/2024/Willecke02-e1728134086794.jpg" width="700" height="394" alt="" title="Roland Willecke" />		<div class="caption-bottom-container">
			<p class="caption bottom">Kirchengemeinde Schwarzenfeld, KV-Mitglied, 64 Jahre, Dipl.-Ing. Nachrichtentechnik aus Stulln</p>
		</div>		</div>
	</a>
</li>
<li>	<a class='mg-magnific' href='https://nabburg-pfreimd-evangelisch.de/wp-content/uploads/2024/Zahn02-e1728134106534.jpg' target='' rel='mg-rel-image-thumbs' title='Kirchengemeinde Nabburg, 18 Jahre, Pflegefachfrau in Ausbildung aus Nabburg'>
		<div class="">
<img loading="lazy" decoding="async" class="" src="https://nabburg-pfreimd-evangelisch.de/wp-content/uploads/2024/Zahn02-e1728134106534.jpg" width="700" height="394" alt="" title="Leonie Zahn" />		<div class="caption-bottom-container">
			<p class="caption bottom">Kirchengemeinde Nabburg, 18 Jahre, Pflegefachfrau in Ausbildung aus Nabburg</p>
		</div>		</div>
	</a>
</li>
<li>	<a class='mg-magnific' href='https://nabburg-pfreimd-evangelisch.de/wp-content/uploads/2024/Zenger02-e1728134125330.jpg' target='' rel='mg-rel-image-thumbs' title='Kirchengemeinde Pfreimd, KV-Mitglied, 52 Jahre, Polizeibeamtin aus Pfreimd'>
		<div class="">
<img loading="lazy" decoding="async" class="" src="https://nabburg-pfreimd-evangelisch.de/wp-content/uploads/2024/Zenger02-e1728134125330.jpg" width="700" height="394" alt="" title="Marion Zenger" />		<div class="caption-bottom-container">
			<p class="caption bottom">Kirchengemeinde Pfreimd, KV-Mitglied, 52 Jahre, Polizeibeamtin aus Pfreimd</p>
		</div>		</div>
	</a>
</li>
		</ul>
		<div class="clear"></div>
	</div>
	<span style="display: none;" class="hidden-image-tiles-gallery-id">2074</span>
	<span style="display: none;" class="hidden-image-tiles-vertical-fit-enabled">false</span>
	<span style="display: none;" class="hidden-image-tiles-content-click-close-enabled">false</span>
	<span style="display: none;" class="hidden-image-tiles-bg-click-close-enabled">true</span>
	<span style="display: none;" class="hidden-image-tiles-close-btn-inside-enabled">false</span>
	<span style="display: none;" class="hidden-image-tiles-hide-close-btn-enabled">true</span>
	<span style="display: none;" class="hidden-image-tiles-escape-key-enabled">true</span>
	<span style="display: none;" class="hidden-image-tiles-align-top-enabled">false</span>
	<span style="display: none;" class="hidden-image-tiles-fixed-content-position">auto</span>
	<span style="display: none;" class="hidden-image-tiles-zoom-enabled">false</span>
	<span style="display: none;" class="hidden-image-tiles-popup-main-class"></span>
	<span style="display: none;" class="hidden-image-tiles-easing-type">ease-in-out</span>
	<span style="display: none;" class="hidden-image-tiles-zoom-duration">300</span>
	<span style="display: none;" class="hidden-image-tiles-overflow-y"></span>
	<span style="display: none;" class="hidden-image-tiles-retina-enabled">false</span>
	<span style="display: none;" class="hidden-image-tiles-removal-delay">0</span>
	<span style="display: none;" class="hidden-image-tiles-gallery-enabled">true</span>
	<span style="display: none;" class="hidden-image-tiles-navigate-by-img-click-enabled">false</span>
	<span style="display: none;" class="hidden-image-tiles-arrow-markup"><button title='%title%' type='button' class='mfp-arrow mfp-arrow-%dir%'></button></span>
	<span style="display: none;" class="hidden-image-tiles-prev-button-title">Previous (Left arrow key)</span>
	<span style="display: none;" class="hidden-image-tiles-next-button-title">Next (Right arrow key)</span>
	<span style="display: none;" class="hidden-image-tiles-counter-markup"><div class='mfp-counter'>%curr% of %total%</div></span>
</div>
