{"id":2091,"date":"2024-10-05T17:04:51","date_gmt":"2024-10-05T15:04:51","guid":{"rendered":"https:\/\/nabburg-pfreimd-evangelisch.de\/?page_id=2091"},"modified":"2024-10-05T17:38:36","modified_gmt":"2024-10-05T15:38:36","slug":"kirchenvorstand-aufgaben","status":"publish","type":"page","link":"https:\/\/nabburg-pfreimd-evangelisch.de\/?page_id=2091","title":{"rendered":"Kirchenvorstand &#8211; Aufgaben"},"content":{"rendered":"<p>Der Kirchenvorstand legt strategische Fragen der Gemeindeentwicklung, wie das Profil der Kirchengemeinde, Schwerpunktsetzungen, Kooperationen und stellt durch Personalentscheidungen bei der Pfarrstellenbesetzungen und der Anstellung kirchlicher Mitarbeitenden Weichen f\u00fcr die Gemeindeentwicklung gestellt.<\/p>\n<p>Die Kirchenvorsteherinnen und Kirchenvorsteher<\/p>\n<ul>\n<li>legen die Rahmenbedingungen f\u00fcr die <a href=\"https:\/\/gottesdienst.bayern-evangelisch.de\/ein-ort-zum-auftanken.php\" target=\"_blank\" rel=\"noopener\">Gottesdienste<\/a> in der Kirchengemeinde fest<\/li>\n<li>f\u00f6rdern das Vertraut werden mit dem christlichen Glauben<\/li>\n<li>tragen Verantwortung f\u00fcr die Kontaktgestaltung zu allen Gemeindegliedern<\/li>\n<li>entscheiden, wie die evangelische Lehre vor Ort mit Leben gef\u00fcllt wird<\/li>\n<li>achten auf die Umsetzung der &#8222;<a href=\"https:\/\/landeskirche.bayern-evangelisch.de\/downloads\/ELKB-Entwurf-Handreichung-zu-Grundlagen-und-Orientierungen-kirchlichen-Lebens-2014.pdf\" target=\"_blank\" rel=\"noopener\">Leitlinien kirchlichen Lebens<\/a>&#8222;, also der evangelischen Lebensordnung<\/li>\n<li>k\u00fcmmern sich um die Gewinnung und Motivation ehrenamtlicher Mitarbeiterinnen und Mitarbeiter<\/li>\n<li>st\u00e4rken die Einheit der Gemeinde und<\/li>\n<li>arbeiten bei Konflikten auf L\u00f6sungen hin.<\/li>\n<\/ul>\n<p>Der Kirchenvorstand hat Verantwortung f\u00fcr die Geb\u00e4ude der Kirchengemeinde und, soweit sie im Besitz der Kirchengemeinde sind, f\u00fcr Kindertagesst\u00e4tten und diakonische Einrichtungen.<\/p>\n<p>Kirchenvorsteherinnen und Kirchenvorsteher verwalten das Verm\u00f6gen der Gemeinde:<\/p>\n<ul>\n<li>durch Beschlie\u00dfen des Haushaltsplanes<\/li>\n<li>durch Zust\u00e4ndigkeit f\u00fcr die Erhebung der <a href=\"https:\/\/www.kirche-und-geld.de\/kirchgeld.php\" target=\"_blank\" rel=\"noopener\">Kirchgeldes<\/a><\/li>\n<li>durch das Erlassen von Satzungen (z.B. f\u00fcr die Geb\u00e4udenutzung) und<\/li>\n<li>entscheiden \u00fcber die Verwendung ortskirchlicher <a href=\"https:\/\/www.kirche-und-geld.de\/sammlungen-und-kollekten.php\" target=\"_blank\" rel=\"noopener\">Kollekten<\/a>.<\/li>\n<\/ul>\n<p>Neben den oben genannten Aufgaben haben die Kirchenvorst\u00e4nde in unterschiedlicher Intensit\u00e4t mit Prozessen zu tun, welche die evangelische Kirche in Bayern insgesamt besch\u00e4ftigen:<\/p>\n<ul>\n<li>Der Prozess \u201e<a href=\"https:\/\/puk.bayern-evangelisch.de\" target=\"_blank\" rel=\"noopener\">Profil und Konzentration<\/a>\u201c l\u00e4dt ein, Kirche vom Auftrag her zu denken und den Blick f\u00fcr den Dekanatsbezirk und die R\u00e4ume darinnen und dar\u00fcber hinaus zu weiten.<\/li>\n<li>2025 steht die Wahl der neuen <a href=\"https:\/\/landessynode.bayern-evangelisch.de\" target=\"_blank\" rel=\"noopener\">Landessynode<\/a> durch die Kirchenvorst\u00e4nde an.<\/li>\n<li>Die Umsetzung der <a href=\"https:\/\/landesstellenplanung-elkb.de\/informieren\/landesstellenplanung-was-ist-das\/\" target=\"_blank\" rel=\"noopener\">Landesstellenplanung<\/a> wird regionales Denken und Kooperationen zur Folge haben.<\/li>\n<li>F\u00fcr die Gemeindeimmobilien braucht es nachhaltige und zukunftsorientierte Entscheidungen.<\/li>\n<\/ul>\n<p>&nbsp;<\/p>\n","protected":false},"excerpt":{"rendered":"<p>Der Kirchenvorstand legt strategische Fragen der Gemeindeentwicklung, wie das Profil der Kirchengemeinde, Schwerpunktsetzungen, Kooperationen und stellt durch Personalentscheidungen bei der Pfarrstellenbesetzungen und der Anstellung kirchlicher Mitarbeitenden Weichen f\u00fcr die Gemeindeentwicklung gestellt.<\/p>\n<p>Die Kirchenvorsteherinnen und Kirchenvorsteher<\/p>\n<ul>\n<li>legen die Rahmenbedingungen f\u00fcr die <a href=\"https:\/\/gottesdienst.bayern-evangelisch.de\/ein-ort-zum-auftanken.php\" target=\"_blank\" rel=\"noopener\">Gottesdienste<\/a> in der Kirchengemeinde fest<\/li>\n<li>f\u00f6rdern das Vertraut werden mit dem christlichen Glauben<\/li>\n<li>tragen Verantwortung f\u00fcr die Kontaktgestaltung zu allen Gemeindegliedern<\/li>\n<li>entscheiden,<\/li>\n<\/ul>\n<p><span class=\"ellipsis\">&hellip;<\/span><\/p>\n<div class=\"read-more\"><a href=\"https:\/\/nabburg-pfreimd-evangelisch.de\/?page_id=2091\">Weiterlesen \u203a<\/a><\/div>\n<p><!-- end of .read-more --><\/p>\n","protected":false},"author":1,"featured_media":0,"parent":0,"menu_order":0,"comment_status":"closed","ping_status":"closed","template":"","meta":{"footnotes":""},"class_list":["post-2091","page","type-page","status-publish","hentry"],"_links":{"self":[{"href":"https:\/\/nabburg-pfreimd-evangelisch.de\/index.php?rest_route=\/wp\/v2\/pages\/2091","targetHints":{"allow":["GET"]}}],"collection":[{"href":"https:\/\/nabburg-pfreimd-evangelisch.de\/index.php?rest_route=\/wp\/v2\/pages"}],"about":[{"href":"https:\/\/nabburg-pfreimd-evangelisch.de\/index.php?rest_route=\/wp\/v2\/types\/page"}],"author":[{"embeddable":true,"href":"https:\/\/nabburg-pfreimd-evangelisch.de\/index.php?rest_route=\/wp\/v2\/users\/1"}],"replies":[{"embeddable":true,"href":"https:\/\/nabburg-pfreimd-evangelisch.de\/index.php?rest_route=%2Fwp%2Fv2%2Fcomments&post=2091"}],"version-history":[{"count":8,"href":"https:\/\/nabburg-pfreimd-evangelisch.de\/index.php?rest_route=\/wp\/v2\/pages\/2091\/revisions"}],"predecessor-version":[{"id":2100,"href":"https:\/\/nabburg-pfreimd-evangelisch.de\/index.php?rest_route=\/wp\/v2\/pages\/2091\/revisions\/2100"}],"wp:attachment":[{"href":"https:\/\/nabburg-pfreimd-evangelisch.de\/index.php?rest_route=%2Fwp%2Fv2%2Fmedia&parent=2091"}],"curies":[{"name":"wp","href":"https:\/\/api.w.org\/{rel}","templated":true}]}}