{"id":46,"date":"2015-05-03T17:42:03","date_gmt":"2015-05-03T15:42:03","guid":{"rendered":"http:\/\/ev-nabburg-pfreimd.de\/?page_id=46"},"modified":"2025-05-07T17:31:23","modified_gmt":"2025-05-07T15:31:23","slug":"datenschutzerklaerung","status":"publish","type":"page","link":"https:\/\/nabburg-pfreimd-evangelisch.de\/?page_id=46","title":{"rendered":"Datenschutzerkl\u00e4rung"},"content":{"rendered":"<p>Diese Website wird von den Evangelisch-Lutherischen Kirchengemeinden Nabburg und Pfreimd betrieben. Das Pfarramt Nabburg erreichen Sie unter:<\/p>\n<p>Evang.-Luth. Pfarramt Nabburg<br \/>\nObertor 4 b<br \/>\n92507 Nabburg<\/p>\n<p>Telefon: 0 94 33 \/ 321<br \/>\nE-Mail: <a href=\"&#x6d;&#97;i&#x6c;&#x74;&#111;:&#x70;&#102;a&#x72;&#x72;&#97;m&#x74;&#46;n&#x61;&#x62;&#98;u&#x72;&#x67;&#64;&#x65;&#x6c;&#107;b&#x2e;&#x64;&#101;\">p&#102;&#97;&#x72;&#x72;a&#109;&#116;&#x2e;&#x6e;&#x61;b&#98;&#117;&#x72;&#x67;&#64;e&#108;&#x6b;&#x62;&#x2e;d&#101;<\/a><\/p>\n<p>Die Nutzung unserer Webseite ist in der Regel ohne Angabe personenbezogener Daten m\u00f6glich. Soweit auf unserer Website personenbezogene Daten (beispielsweise Name, Anschrift oder E-Mailadressen) erhoben werden, erfolgt dies, soweit m\u00f6glich, stets auf freiwilliger Basis. Diese Daten werden ohne Ihre ausdr\u00fcckliche Zustimmung nicht an Dritte weitergegeben, sofern es nicht aus rechtlichen Gr\u00fcnden erforderlich ist.<\/p>\n<p>Wir weisen darauf hin, dass die Daten\u00fcbertragung im Internet (z.B. bei der Kommunikation per E-Mail) Sicherheitsl\u00fccken aufweisen kann. Ein l\u00fcckenloser Schutz der Daten vor dem Zugriff durch Dritte ist nicht m\u00f6glich.<\/p>\n<p>Der Nutzung von im Rahmen der Impressumspflicht ver\u00f6ffentlichter Kontaktdaten durch Dritte zur \u00dcbersendung von nicht ausdr\u00fccklich angeforderter Werbung und Informationsmaterialien wird hiermit ausdr\u00fccklich widersprochen. Die Betreiber der Seiten behalten sich ausdr\u00fccklich rechtliche Schritte im Falle der unverlangten Zusendung von Werbeinformationen, etwa durch Spam-Mails, vor.<\/p>\n<h4>Definitionen<\/h4>\n<p>Diese Datenschutzerkl\u00e4rung verwendet die Begriffe des Gesetzestextes des DSG-EKD. Die Begriffsbestimmungen (\u00a7.\u00a04 DSG-EKD) k\u00f6nnen Sie z.B. <a href=\"https:\/\/www.kirchenrecht-ekd.de\/document\/26179\/search\/Begriffe%2520DSG#s1.1300005\">hier<\/a> einsehen.<\/p>\n<h4>Cookies<\/h4>\n<p>Cookies sind Textdateien, die von einer Website auf Ihrem Endger\u00e4t abgelegt bzw. dort ausgelesen werden. Sie enthalten Buchstaben- und Zahlenkombinationen, um z.B. bei einer erneuten Verbindung zur Cookie-setzenden Website den Nutzer und seine Einstellungen wiederzuerkennen, das Eingeloggt-Bleiben in einem Kundenkonto zu erm\u00f6glichen oder ein bestimmtes Nutzungsverhalten statistisch zu analysieren.<\/p>\n<h4>Allgemeine Informationen zur Datenverarbeitung<\/h4>\n<p>Wir verarbeiten personenbezogene Daten nur, soweit dies gesetzlich zul\u00e4ssig ist. Eine Weitergabe personenbezogener Daten findet ausschlie\u00dflich in den beschriebenen F\u00e4llen statt.<\/p>\n<p>Personenbezogene Daten werden gel\u00f6scht oder durch technische und organisatorische Ma\u00dfnahmen (z.B. Pseudonymisierung, Verschl\u00fcsselung) gesch\u00fctzt, sobald der Zweck der Verarbeitung entf\u00e4llt. Dies erfolgt auch dann, wenn eine vorgeschriebene Speicherfrist abl\u00e4uft, es sei denn, dass Erforderlichkeiten zur weiteren Speicherung personenbezogener Daten f\u00fcr Vertragsabschluss oder -erf\u00fcllung besteht.<\/p>\n<p>Sofern wir nicht gesetzlich zu einer l\u00e4ngeren Speicherung oder einer Weitergabe an Dritte (insbesondere Strafverfolgungsbeh\u00f6rden) verpflichtet sind, h\u00e4ngt die Entscheidung, welche personenbezogenen Daten von uns erhoben werden, wie lange sie gespeichert werden und in welchem Umfang sie ggf. offengelegt werden, davon ab, welche Funktionen der Website Sie im Einzelfall nutzen.<\/p>\n<h4>Informatorische Nutzung<\/h4>\n<p>Wenn Sie unsere Website aufrufen und rein informatorisch, das hei\u00dft ohne Verwendung von Zusatzfunktionen wie z. B. eines Kontaktformulares nutzen, werden automatisch personenbezogene Daten von uns erhoben. Hierbei handelt es sich um folgende Informationen: Typ und Version des von Ihnen verwendeten Browsers (sog. User-Agent), aufrufende Seite (sog. Referrer-URL), verwendetes Betriebssystem, Uhrzeit des Websiteaufrufes und die IP-Adresse Ihres Endger\u00e4tes. Diese Informationen werden von Ihrem Browser \u00fcbermittelt, sofern Sie ihn nicht so konfiguriert haben, dass diese Informations\u00fcbermittlung unterdr\u00fcckt wird. Dar\u00fcber hinaus wird Ihre IP-Adresse an Drittanbieter \u00fcbermittelt, deren Funktionen auf unserer Website von deren Servern abgerufen werden. Die IP-Adresse bleibt maximal sieben Tage gespeichert.<\/p>\n<p>Die Verarbeitung dieser personenbezogenen Daten erfolgt aus Zwecken der Funktionsf\u00e4higkeit und Optimierung der Website, sowie zur Gew\u00e4hrleistung der Sicherheit unserer informationstechnischen Systeme. Dies dient der Erf\u00fcllung unserer Aufgaben und stellt zugleich ein kirchliches Interesse dar, weswegen die Verarbeitung nach \u00a7 6 Ziffer 3 und 4 DSG-EKD zul\u00e4ssig ist.<\/p>\n<p>Personenbezogene Daten werden f\u00fcr die Dauer von vier Wochen gespeichert und nicht mit anderen Datenquellen zusammengef\u00fchrt. Eine Datenweitergabe an Dritte findet nur statt, soweit dies zum Betrieb unserer Website erforderlich ist oder wir dazu aufgrund einer rechtlichen Grundlage verpflichtet sind.<\/p>\n<p>Teile unserer Website nutzen zur Einbindung von Kartendaten Funktionen von <strong>Google Maps<\/strong>. Diese Inhalte werden von Google Inc., 1600 Amphitheatre Parkway Mountain View, CA 94043, USA (\u201eGoogle\u201c) bereitgestellt. Beim Aufruf unserer Website l\u00e4dt Ihr Browser den dazu notwendigen Code von Google. Zu diesem Zweck muss der von Ihnen verwendete Browser Verbindung zu den Servern von Google aufnehmen. Hierdurch erlangt Google Kenntnis dar\u00fcber, dass \u00fcber Ihre IP-Adresse unsere Website aufgerufen wurde. Zugleich kann Google Cookies auf Ihrem Endger\u00e4t ablegen, sofern Sie nicht die Verwendung von Cookies in Ihrem Browser untersagt haben, oder Cookies auslesen. Es k\u00f6nnen auch Standortdaten erhoben werden, wenn Sie dies in Ihrem Browser gestatten.<\/p>\n<p>Die Nutzung von Google Maps erfolgt zu Zwecken einer ansprechenden, komfortablen Gestaltung unserer Website und dient dem Zweck die Auffindbarkeit von uns auf der Website angegebenen Orten zu erleichtern. Dies stellt ein kirchliches Interesse im Sinne von \u00a7 6 Ziffer 4 DSG-EKD dar. Die Daten\u00fcbertragung in die USA erfolgt gem\u00e4\u00df dem Durchf\u00fchrungsbeschluss (EU) 2016\/1250 der EU-Kommission (EU-US-Datenschutzschild).<\/p>\n<p>Ihre IP-Adresse wird von uns erhoben, um die \u00dcbermittlung an Google zu erm\u00f6glichen. Sie sind zur Bereitstellung dieser personenbezogenen Daten nicht verpflichtet, eine Nutzung der betroffenen Teile unserer Website ist ohne die Bereitstellung jedoch nicht m\u00f6glich.<\/p>\n<p>Weitere Informationen enth\u00e4lt die Datenschutzerkl\u00e4rung von Google, diese finden Sie unter <a href=\"https:\/\/www.google.com\/policies\/privacy\/\">https:\/\/www.google.com\/policies\/privacy\/<\/a>.<\/p>\n<p>Zur Verwaltung eingesetzter Cookies und \u00e4hnlicher Technologien (Tracking-Pixel, Web-Beacons etc.) und diesbez\u00fcglicher Einwilligungen wird das Consent Tool &#8222;Real Cookie Banner&#8220; eingesetzt. Details zur Funktionsweise von &#8222;Real Cookie Banner&#8220; findest du unter <a href=\"https:\/\/devowl.io\/de\/wissensdatenbank\/real-cookie-banner-datenverarbeitung\/\" target=\"_blank\" rel=\"noopener\">https:\/\/devowl.io\/de\/rcb\/datenverarbeitung\/<\/a>.<\/p>\n<p>Rechtsgrundlagen f\u00fcr die Verarbeitung von personenbezogenen Daten in diesem Zusammenhang sind Art. 6 Abs. 1 lit. c DS-GVO und Art. 6 Abs. 1 lit. f DS-GVO. Unser berechtigtes Interesse ist die Verwaltung der eingesetzten Cookies und \u00e4hnlichen Technologien und der diesbez\u00fcglichen Einwilligungen.<\/p>\n<p>Die Bereitstellung der personenbezogenen Daten ist weder vertraglich vorgeschrieben noch f\u00fcr den Abschluss eines Vertrages notwendig. Sie sind nicht verpflichtet die personenbezogenen Daten bereitzustellen. Wenn Sie keine \u00a0personenbezogenen Daten bereitstellen, k\u00f6nnen wir Einwilligungen nicht verwalten.<\/p>\n<h4>Kontaktaufnahme per E-Mail<\/h4>\n<p>Wenn Sie uns eine E-Mail schreiben, werden von Ihnen dabei \u00fcbermittelten personenbezogenen Daten von uns verarbeitet. Diese Informationen werden von Ihrem E-Mailclient \u00fcbermittelt und in unseren informationstechnischen Systemen gespeichert. Dies ist f\u00fcr die Beantwortung Ihres Anliegens notwendig. Zus\u00e4tzlich werden Ihre IP-Adresse sowie Datum und Uhrzeit der Kontaktaufnahme gespeichert.<\/p>\n<p>Diese Datenverarbeitung dient der Beantwortung Ihrer Anfrage und der Gew\u00e4hrleistung der Sicherheit unserer informationstechnischen Systeme. Sie ist gem\u00e4\u00df \u00a7 6 Ziffer 3 und 4 DSG-EKD rechtm\u00e4\u00dfig, weil die Beantwortung Ihrer Anfrage der Erf\u00fcllung unserer Aufgaben dient und zugleich ein kirchliches Interesse darstellt.<\/p>\n<p>Personenbezogene Daten werden solange gespeichert, wie es zur Beantwortung Ihrer Anfrage erforderlich ist. Sollte Ihre Anfrage zu einem sp\u00e4teren Vertragsschluss f\u00fchren, findet eine Speicherung statt, solange dies zur Durchf\u00fchrung vorvertraglicher Ma\u00dfnahmen oder zur Vertragserf\u00fcllung erforderlich ist.<\/p>\n<p>Diese personenbezogenen Daten werden nicht mit anderen Datenquellen zusammengef\u00fchrt. Eine Weitergabe an Dritte erfolgt nur, wenn es zur Erf\u00fcllung eines mit Ihnen geschlossenen Vertrages notwendig ist oder daf\u00fcr eine rechtliche Verpflichtung besteht.<\/p>\n<p>Sie sind zur Bereitstellung personenbezogener Daten nicht verpflichtet. Allerdings sind die Nutzung eines Kontaktformulars oder der Versand von E-Mails ohne Bereitstellung dieser Daten nicht m\u00f6glich.<\/p>\n<p><strong>\u00a0Auskunft, L\u00f6schung, Sperrung<\/strong><\/p>\n<p>Sie haben jederzeit das Recht auf unentgeltliche Auskunft \u00fcber Ihre gespeicherten personenbezogenen Daten, deren Herkunft und Empf\u00e4nger und den Zweck der Datenverarbeitung sowie ein Recht auf Berichtigung, Sperrung oder L\u00f6schung dieser Daten.<\/p>\n<p>Sie haben als betroffene Person das Recht auf Auskunft nach \u00a7 19 DSG-EKD, das Recht auf Berichtigung nach \u00a7 20 DSG-EKD, das Recht auf L\u00f6schung nach \u00a7 21 DSG-EKD, das Recht auf Einschr\u00e4nkung der Verarbeitung nach \u00a7 22 DSG-EKD sowie das Recht auf Daten\u00fcbertragbarkeit nach \u00a7 24 DSG-EKD. Dar\u00fcber hinaus besteht ein Beschwerderecht bei einer Datenschutzaufsichtsbeh\u00f6rde (\u00a7 46 DSG-EKD in Verbindung mit \u00a739 DSG-EKD).<\/p>\n<p>Sie haben gem\u00e4\u00df \u00a7 11 Abs. 3 DSG-EKD das Recht, Ihre Einwilligung jederzeit zu widerrufen. Die Rechtm\u00e4\u00dfigkeit der aufgrund der Einwilligung bis zum Widerruf erfolgten Verarbeitung wird hiervon nicht ber\u00fchrt. Damit gilt der Widerruf immer nur f\u00fcr nach dem Widerruf geplante Verarbeitungen.<\/p>\n<p>Der Widerruf ist formlos an folgende Adresse m\u00f6glich:<\/p>\n<p>Diakon J\u00fcrgen Weich<br \/>\nEvangelisch-Lutherisches<br \/>\nPfarramt Nabburg<br \/>\nObertor 4b<br \/>\n92507 Nabburg<\/p>\n<p>E-Mail: <a href=\"&#x6d;&#97;i&#x6c;&#x74;&#111;:&#x6a;&#x75;&#101;r&#x67;&#x65;&#110;&#46;&#x77;&#x65;&#105;c&#x68;&#64;&#101;l&#x6b;&#98;&#46;&#x64;&#x65;\">j&#117;&#101;&#x72;&#x67;&#x65;&#x6e;&#46;&#119;&#101;&#105;&#x63;&#x68;&#x40;el&#107;&#98;&#x2e;&#x64;&#x65;<\/a><\/p>\n<p>Legen Sie Widerspruch ein, werden wir Ihre personenbezogenen Daten nicht mehr verarbeiten, es sei denn, eine andere (gesetzliche) Grundlage gestattet oder erfordert dies. Erfolgt jedoch ein Widerruf und liegt kein anderer Erlaubnistatbestand vor, m\u00fcssen gem\u00e4\u00df \u00a721 Abs. 1 Ziffer 3 DSG-EKD die personenbezogenen Daten auf Ihren Wunsch hin unverz\u00fcglich gel\u00f6scht werden.<\/p>\n<p>&nbsp;<\/p>\n<p>&nbsp;<\/p>\n<p>&nbsp;<\/p>\n","protected":false},"excerpt":{"rendered":"<p>Diese Website wird von den Evangelisch-Lutherischen Kirchengemeinden Nabburg und Pfreimd betrieben. Das Pfarramt Nabburg erreichen Sie unter:<\/p>\n<p>Evang.-Luth. Pfarramt Nabburg<br \/>\nObertor 4 b<br \/>\n92507 Nabburg<\/p>\n<p>Telefon: 0 94 33 \/ 321<br \/>\nE-Mail: <a href=\"&#109;&#x61;i&#108;&#x74;o&#58;&#x70;f&#x61;&#x72;&#114;&#x61;m&#116;&#x2e;n&#97;&#x62;b&#x75;&#x72;&#103;&#x40;&#x65;&#108;&#x6b;b&#46;&#x64;e\">&#x70;f&#x61;&#114;&#x72;&#97;m&#x74;&#46;&#x6e;&#97;&#x62;&#98;u&#x72;&#103;&#x40;&#101;l&#x6b;b&#x2e;&#100;&#x65;<\/a><\/p>\n<p><span class=\"ellipsis\">&hellip;<\/span><\/p>\n<div class=\"read-more\"><a href=\"https:\/\/nabburg-pfreimd-evangelisch.de\/?page_id=46\">Weiterlesen \u203a<\/a><\/div>\n<p><!-- end of .read-more --><\/p>\n","protected":false},"author":1,"featured_media":0,"parent":0,"menu_order":0,"comment_status":"closed","ping_status":"open","template":"content-sidebar-page.php","meta":{"footnotes":""},"class_list":["post-46","page","type-page","status-publish","hentry"],"_links":{"self":[{"href":"https:\/\/nabburg-pfreimd-evangelisch.de\/index.php?rest_route=\/wp\/v2\/pages\/46","targetHints":{"allow":["GET"]}}],"collection":[{"href":"https:\/\/nabburg-pfreimd-evangelisch.de\/index.php?rest_route=\/wp\/v2\/pages"}],"about":[{"href":"https:\/\/nabburg-pfreimd-evangelisch.de\/index.php?rest_route=\/wp\/v2\/types\/page"}],"author":[{"embeddable":true,"href":"https:\/\/nabburg-pfreimd-evangelisch.de\/index.php?rest_route=\/wp\/v2\/users\/1"}],"replies":[{"embeddable":true,"href":"https:\/\/nabburg-pfreimd-evangelisch.de\/index.php?rest_route=%2Fwp%2Fv2%2Fcomments&post=46"}],"version-history":[{"count":14,"href":"https:\/\/nabburg-pfreimd-evangelisch.de\/index.php?rest_route=\/wp\/v2\/pages\/46\/revisions"}],"predecessor-version":[{"id":2245,"href":"https:\/\/nabburg-pfreimd-evangelisch.de\/index.php?rest_route=\/wp\/v2\/pages\/46\/revisions\/2245"}],"wp:attachment":[{"href":"https:\/\/nabburg-pfreimd-evangelisch.de\/index.php?rest_route=%2Fwp%2Fv2%2Fmedia&parent=46"}],"curies":[{"name":"wp","href":"https:\/\/api.w.org\/{rel}","templated":true}]}}