{"id":499,"date":"2019-01-13T17:12:37","date_gmt":"2019-01-13T16:12:37","guid":{"rendered":"http:\/\/nabburg-pfreimd-evangelisch.de\/?page_id=499"},"modified":"2025-01-13T10:15:51","modified_gmt":"2025-01-13T09:15:51","slug":"arbeitskreis-asyl-nabburg-pfreimd","status":"publish","type":"page","link":"https:\/\/nabburg-pfreimd-evangelisch.de\/?page_id=499","title":{"rendered":"Integration Nabburg (vormals: AK Asyl)"},"content":{"rendered":"<p><img loading=\"lazy\" decoding=\"async\" class=\"alignright\" src=\"https:\/\/nabburg-pfreimd-evangelisch.de\/wp-content\/uploads\/2019\/03\/AK-Asyl-Nabburgsw.jpg\" alt=\"\" width=\"125\" height=\"125\" \/>&#8222;Integration Nabburg&#8220; erreichen sie wie folgt:<\/p>\n<ul>\n<li>Nabburg: Dagmar Lihring, Telefon 0 94 33 \/ 64 37<\/li>\n<\/ul>\n<p><strong>Kleiderkammer Nabburg:<\/strong><\/p>\n<p>Die Kleiderkammer im Gesundheitszentrum, Krankenhausstra\u00dfe 25, ist am Donnerstag von 15.00 \u2013 17.00 Uhr f\u00fcr alle Bed\u00fcrftigen ge\u00f6ffnet.<\/p>\n<p>Die Anlieferung von gebrauchter Kleidung und Dingen des Alltags kann ebenfalls zu diesen \u00d6ffnungszeiten erfolgen.<\/p>\n<p>In den Schulferien ist die Kleiderkammer geschlossen.<\/p>\n<p>Es werden ben\u00f6tigt:<\/p>\n<ul>\n<li>Kleidung f\u00fcr die jeweilige Jahreszeit<\/li>\n<li>Arbeitskleidung<\/li>\n<li>Schultaschen und Rucks\u00e4cke, auch Aktentaschen f\u00fcr Kinder und Erwachsene<\/li>\n<li>Spielsachen<\/li>\n<li>Teppiche in allen Gr\u00f6\u00dfen<\/li>\n<li>Verkehrssichere Fahrr\u00e4der f\u00fcr Kinder und M\u00e4nner und<\/li>\n<li>dringend N\u00e4hmaschinen<\/li>\n<\/ul>\n<p><strong>Spendenkonto:<\/strong><\/p>\n<ul>\n<li>Evang. Kirchengemeinde Nabburg, Verwendungszweck: &#8222;AK Asyl&#8220;,<br \/>\nIBAN DE67 7505 1040 0570 0014 12 \u2014 BIC BYLADEM1SAD<\/li>\n<\/ul>\n<p>Wir bedanken uns recht herzlich bei allen Spendern !<\/p>\n<p>Wenn Sie beim Arbeitskreis &#8222;Integration Nabburg&#8220; mitarbeiten wollen, freuen wir uns auf Sie! Egal ob Sie in der Kleiderkammer helfen, Kinderbetreuung w\u00e4hrend des Deutschkurses machen, Kindern bei den Hausaufgaben (v.a. Deutsch) helfen oder planen, Neu-Nabburgern beim Erlernen der deutschen Sprache zu unterst\u00fctzen, melden Sie sich bei uns: 0 94 33 \/ 64 37.<\/p>\n<p>Auf Facebook unter <a href=\"http:\/\/www.facebook.de\/ArbeitskreisAsylNabburg\">www.facebook.de\/ArbeitskreisAsylNabburg<\/a> erhalten Sie regelm\u00e4\u00dfig Informationen \u00fcber die Arbeit des Helferkreises. Wir freuen uns \u00fcber ein \u201eLike\u201c.<\/p>\n","protected":false},"excerpt":{"rendered":"<p><img loading=\"lazy\" decoding=\"async\" class=\"alignright\" src=\"https:\/\/nabburg-pfreimd-evangelisch.de\/wp-content\/uploads\/2019\/03\/AK-Asyl-Nabburgsw.jpg\" alt=\"\" width=\"125\" height=\"125\" \/>&#8222;Integration Nabburg&#8220; erreichen sie wie folgt:<\/p>\n<ul>\n<li>Nabburg: Dagmar Lihring, Telefon 0 94 33 \/ 64 37<\/li>\n<\/ul>\n<p><strong>Kleiderkammer Nabburg:<\/strong><\/p>\n<p>Die Kleiderkammer im Gesundheitszentrum, Krankenhausstra\u00dfe 25, ist am Donnerstag von 15.00 \u2013 17.00 Uhr f\u00fcr alle Bed\u00fcrftigen ge\u00f6ffnet.<\/p>\n<p><span class=\"ellipsis\">&hellip;<\/span><\/p>\n<div class=\"read-more\"><a href=\"https:\/\/nabburg-pfreimd-evangelisch.de\/?page_id=499\">Weiterlesen \u203a<\/a><\/div>\n<p><!-- end of .read-more --><\/p>\n","protected":false},"author":1,"featured_media":0,"parent":0,"menu_order":0,"comment_status":"closed","ping_status":"closed","template":"","meta":{"footnotes":""},"class_list":["post-499","page","type-page","status-publish","hentry"],"_links":{"self":[{"href":"https:\/\/nabburg-pfreimd-evangelisch.de\/index.php?rest_route=\/wp\/v2\/pages\/499","targetHints":{"allow":["GET"]}}],"collection":[{"href":"https:\/\/nabburg-pfreimd-evangelisch.de\/index.php?rest_route=\/wp\/v2\/pages"}],"about":[{"href":"https:\/\/nabburg-pfreimd-evangelisch.de\/index.php?rest_route=\/wp\/v2\/types\/page"}],"author":[{"embeddable":true,"href":"https:\/\/nabburg-pfreimd-evangelisch.de\/index.php?rest_route=\/wp\/v2\/users\/1"}],"replies":[{"embeddable":true,"href":"https:\/\/nabburg-pfreimd-evangelisch.de\/index.php?rest_route=%2Fwp%2Fv2%2Fcomments&post=499"}],"version-history":[{"count":8,"href":"https:\/\/nabburg-pfreimd-evangelisch.de\/index.php?rest_route=\/wp\/v2\/pages\/499\/revisions"}],"predecessor-version":[{"id":2203,"href":"https:\/\/nabburg-pfreimd-evangelisch.de\/index.php?rest_route=\/wp\/v2\/pages\/499\/revisions\/2203"}],"wp:attachment":[{"href":"https:\/\/nabburg-pfreimd-evangelisch.de\/index.php?rest_route=%2Fwp%2Fv2%2Fmedia&parent=499"}],"curies":[{"name":"wp","href":"https:\/\/api.w.org\/{rel}","templated":true}]}}